30650727 composite?
True
Is 3050531093 prime?
True
Is 11185504153 a prime number?
False
Is 19299738839 a composite number?
False
Is 2180232865 a prime number?
False
Is 20850666607 composite?
False
Is 126486967543 composite?
False
Is 5621907373 a composite number?
False
Is 305729947 composite?
False
Is 338651051 prime?
True
Is 1570921549 prime?
True
Is 18527018093 composite?
False
Is 4144576339 a composite number?
False
Is 48715387517 a prime number?
False
Is 8112661721 prime?
True
Is 380952449 composite?
False
Is 1528231409 a composite number?
True
Is 809094673 composite?
True
Is 107848927501 composite?
True
Is 13832229883 a prime number?
False
Is 1186763267 a prime number?
False
Is 4541035699 a prime number?
False
Is 89993150431 composite?
True
Is 9102940271 prime?
True
Is 339896969 a prime number?
True
Is 652948097 a prime number?
True
Is 1393962769 composite?
False
Is 134364060839 composite?
False
Is 8014320817 a composite number?
False
Is 99725968883 a prime number?
True
Is 974903741 prime?
False
Is 136014091 a prime number?
True
Is 22725831241 composite?
False
Is 22350977149 a composite number?
False
Is 17014816409 a prime number?
True
Is 3274966991 prime?
True
Is 16857569777 a prime number?
True
Is 976695793 prime?
False
Is 16614643579 composite?
False
Is 17448635707 a prime number?
True
Is 1471650641 a prime number?
False
Is 8724575243 a prime number?
True
Is 4178512979 a composite number?
True
Is 9242887837 a prime number?
False
Is 251103403 prime?
True
Is 552808517 a composite number?
False
Is 19130609101 a prime number?
True
Is 48210831557 a composite number?
True
Is 2517530023 a composite number?
False
Is 993023149 a composite number?
False
Is 1146242449 a prime number?
False
Is 31786158571 a prime number?
True
Is 19274210381 a composite number?
True
Is 8863411 prime?
False
Is 98050765333 prime?
True
Is 5352755131 composite?
True
Is 2683600801 composite?
True
Is 2595718667 composite?
False
Is 413395849 a prime number?
True
Is 1756699291 a composite number?
False
Is 1980873967 a prime number?
False
Is 1162326401 a prime number?
True
Is 67956997711 prime?
False
Is 9092173943 composite?
False
Is 61812924071 composite?
False
Is 142928359 a prime number?
False
Is 12838925753 composite?
False
Is 3347563341 prime?
False
Is 8031711139 prime?
False
Is 441950417 a composite number?
True
Is 433932721 a prime number?
True
Is 470638513 a prime number?
True
Is 1601885771 a prime number?
False
Is 4260706829 a composite number?
True
Is 6212762263 a prime number?
False
Is 7571216999 composite?
True
Is 157088007899 prime?
False
Is 3020376278 composite?
True
Is 2310653473 prime?
True
Is 2398578477 a composite number?
True
Is 9927122665 composite?
True
Is 6654976259 a prime number?
True
Is 839539423 composite?
True
Is 10965989057 a prime number?
True
Is 10667979697 a prime number?
True
Is 11407654787 a composite number?
True
Is 1269895441 a prime number?
True
Is 222227085247 composite?
False
Is 7896921937 a prime number?
False
Is 9141799019 a composite number?
False
Is 26053625069 prime?
False
Is 6576971759 prime?
True
Is 26810548081 a prime number?
True
Is 1505152559 composite?
False
Is 203244713 prime?
False
Is 12096246557 a prime number?
True
Is 241782743 prime?
True
Is 556268413 a composite number?
True
Is 10970390809 a prime number?
False
Is 1562606071 composite?
True
Is 1723153961 a composite number?
True
Is 31964114899 a prime number?
True
Is 5138719801 composite?
False
Is 467398339 a composite number?
True
Is 37031169089 prime?
True
Is 2777694371 composite?
False
Is 123792330929 prime?
True
Is 5427711181 a prime number?
True
Is 1924869971 a prime number?
False
Is 879386701 prime?
True
Is 237441095 prime?
False
Is 6567655223 a prime number?
False
Is 494372687 prime?
True
Is 69604367051 prime?
True
Is 173840309 prime?
True
Is 56098936063 a composite number?
False
Is 3806572523 prime?
False
Is 3963818849 composite?
True
Is 3842691137 prime?
True
Is 1442911033 prime?
True
Is 1883107157 a composite number?
True
Is 465336367 a prime number?
True
Is 1722684433 a composite number?
False
Is 736239503 prime?
True
Is 21037901 composite?
False
Is 19981807 a composite number?
False
Is 30398813 prime?
True
Is 2811491819 a composite number?
False
Is 5432092531 a prime number?
True
Is 792367673 prime?
False
Is 6886996001 a prime number?
True
Is 9767686657 composite?
False
Is 573018451 a composite number?
False
Is 581550289 a composite number?
False
Is 1050183793 prime?
True
Is 1840203521 a composite number?
True
Is 2835522917 a prime number?
False
Is 4764392891 a prime number?
False
Is 135446309 prime?
True
Is 1129891361 composite?
False
Is 42459260401 a composite number?
True
Is 1039519711 prime?
False
Is 1572615599 composite?
True
Is 75300083 composite?
False
Is 1136903813 a prime number?
False
Is 124850417 a composite number?
True
Is 1807183583 composite?
True
Is 43930048729 a composite number?
True
Is 3378022523 a prime number?
True
Is 352720651 prime?
True
Is 34319547137 composite?
False
Is 39094635197 a prime number?
True
Is 8807913851 prime?
False
Is 6315855841 a composite number?
False
Is 10663386043 composite?
True
Is 22954087757 a composite number?
True
Is 106185197 prime?
True
Is 194522527 prime?
True
Is 2432257189 composite?
False
Is 6018855721 a prime number?
False
Is 48879713401 a composite number?
False
Is 66737176837 prime?
True
Is 420912659 prime?
False
Is 12261130631 a composite number?
False
Is 668882231 a prime number?
True
Is 196413619 prime?
False
Is 1214394491 composite?
False
Is 1543866889 prime?
True
Is 1894175239 composite?
True
Is 7250242859 a composite number?
False
Is 5925761881 a prime number?
False
Is 2369061533 a composite number?
True
Is 5062635233 a prime number?
True
Is 7260577931 a composite number?
True
Is 720795737 composite?
False
Is 8776826917 a prime number?
True
Is 8642441623 a composite number?
True
Is 364437617 prime?
False
Is 1836468347 a prime number?
False
Is 97400599 prime?
False
Is 17411879149 a composite number?
True
Is 277102681 prime?
False
Is 11623201657 a prime number?
True
Is 3885824557 a prime number?
True
Is 23530025489 prime?
False
Is 25847764643 a composite number?
False
Is 5541936497 prime?
False
Is 4824287413 a composite number?
True
Is 186264877 composite?
False
Is 13252346291 a composite number?
True
Is 36784885123 composite?
True
Is 1562153371 prime?
True
Is 751324439 prime?
True
Is 53748881821 composite?
False
Is 3153103159 prime?
False
Is 8053880717 a prime number?
True
Is 7293175207 a composite number?
False
Is 684478793 a prime number?
False
Is 483373873 a composite number?
False
Is 53540363 a composite number?
False
Is 23750212471 composite?
True
Is 2664289409 composite?
False
Is 1736770963 a composite number?
True
Is 323703467 prime?
True
Is 94221160687 a composite number?
False
Is 711100421 a composite number?
True
Is 948326291 a prime number?
False
Is 1111654673 prime?
True
Is 50362244755 a composite number?
True
Is 3989312641 a prime number?
False
Is 3806368231 composite?
True
Is 773787991 a prime number?
True
Is 6923917807 a composite number?
True
Is 108156709 prime?
True
Is 1016577151 a composite number?
False
Is 3734971391 composite?
True
Is 3822442079 a prime number?
True
Is 16440127481 prime?
True
Is 15744258941 a prime number?
True
Is 9521115853 a composite number?
False
Is 13763239981 a composite number?
False
Is 502827097 composite?
False
Is 30346881079 composite?
False
Is 316368781 a prime number?
False
Is 500757157 a composite number?
False
Is 42512303381 a composite number?
False
Is 96439691 prime?
False
Is 14529585377 prime?
True
Is 2525984743 composite?
True
Is 71713721 prime?
True
Is 35090116249 a composite number?
True
Is 23683863373 composite?
False
Is 17986303781 prime?
False
Is 417896030155 prime?
False
Is 68562553 composite?
True
Is 1953637597 a composite number?
False
Is 5174298881 a prime number?
True
Is 1421530609 a composite number?
False
Is 7080588959 a prime number?
True
Is 1404290717 prime?
True
Is 596562553 a prime number?
True
Is 358559081 composite?
False
Is 477698771 a prime number?
False
Is 10811078183 prime?
True
Is 35074561 a composite number?
False
Is 170085989729 prime?
True
Is 112627153 composite?
False
Is 64736283883 composite?
True
Is 33154621949